{"id":9787,"date":"2025-08-24T13:26:02","date_gmt":"2025-08-24T13:26:02","guid":{"rendered":"https:\/\/ilovemyhijab.com\/?post_type=product&#038;p=9787"},"modified":"2026-02-25T19:26:58","modified_gmt":"2026-02-25T19:26:58","slug":"noor-najma-abaya-mokka","status":"publish","type":"product","link":"https:\/\/ilovemyhijab.com\/index.php\/vare\/noor-najma-abaya-mokka\/","title":{"rendered":"Noor Najma abaya \u2013 mokka"},"content":{"rendered":"","protected":false},"excerpt":{"rendered":"<p>Denne abaya kombinerer enkelthed og elegance med sit rene, lige snit og diskrete detaljer. Modellen har en rund halsudsk\u00e6ring med en lynl\u00e5s foran for nem p\u00e5kl\u00e6dning. De lange, lige \u00e6rmer giver et tidl\u00f8st udtryk, mens det gulvlange design sikrer et sofistikeret look. Fremstillet i den fineste koreanske nidha og produceret i Dubai, hvilket sikrer et luksuri\u00f8st fald, bl\u00f8d komfort og h\u00f8j kvalitet.<\/p>\n<p>&nbsp;<\/p>\n<ul>\n<li>Design: Minimalistisk og stilrent<\/li>\n<li>Halsudsk\u00e6ring: Rund hals med lynl\u00e5s<\/li>\n<li>Pasform: L\u00f8stsiddende, komfortabel<\/li>\n<li>Materiale: Fineste koreanske nidha<\/li>\n<li>Anvendelse: Velegnet til b\u00e5de hverdag og s\u00e6rlige lejligheder<\/li>\n<li>Fremstillet i Dubai<\/li>\n<li>F\u00e5s i st\u00f8rrelserne\u00a0 54, 56, 58, 60 (se venligst ST\u00d8RRELSESGUIDE i cm)<\/li>\n<li>M\u00e6rke: SADA Modest<\/li>\n<\/ul>\n<p>&nbsp;<\/p>\n<p><strong>Vaskeanvisning:<\/strong><\/p>\n<ul>\n<li>Vask ved max. 30\u00b0C<\/li>\n<li>Brug mildt vaskemiddel<\/li>\n<li>M\u00e5 ikke bleges<\/li>\n<li>Stryges ved lav temperatur p\u00e5 vrangsiden<\/li>\n<li>Skal luftt\u00f8rres \u2013 undg\u00e5 t\u00f8rretumble<\/li>\n<\/ul>\n<p>&nbsp;<\/p>\n<p><em>V\u00e6r opm\u00e6rksom p\u00e5, at der kan forekomme sm\u00e5 farveforskelle mellem billedet og den faktiske vare.<\/em><\/p>\n<p>&nbsp;<\/p>\n<p><strong>Abaya f\u00e5s i flere st\u00f8rrelser og l\u00e6ngder, se venligst\u00a0<\/strong> <strong><a href=\"https:\/\/ilovemyhijab.com\/index.php\/stoerrelsesguide\/\">ST\u00d8RRELSESGUIDE<\/a><\/strong><\/p>\n","protected":false},"featured_media":10251,"template":"","meta":{"om_disable_all_campaigns":false,"_monsterinsights_skip_tracking":false,"_monsterinsights_sitenote_active":false,"_monsterinsights_sitenote_note":"","_monsterinsights_sitenote_category":0,"advanced_seo_description":"","jetpack_seo_html_title":"","jetpack_seo_noindex":false},"product_brand":[],"product_cat":[19,133,105,360],"product_tag":[256,339,352,333,348,347,273,328,329,277,274,217,327,326,272,361],"class_list":{"0":"post-9787","1":"product","2":"type-product","3":"status-publish","4":"has-post-thumbnail","6":"product_cat-abaya","7":"product_cat-dame","8":"product_cat-nyheder","9":"product_cat-sada","10":"product_tag-abaya","11":"product_tag-abaya-tall","12":"product_tag-ammevenlig-abaya","13":"product_tag-dubai-abaya","14":"product_tag-eid-dress","15":"product_tag-eid-kjole","16":"product_tag-hijab","17":"product_tag-hijab-maxidress","18":"product_tag-hijab-maxikjole","19":"product_tag-i-love-my-hijab","20":"product_tag-jilbab","21":"product_tag-khimar","22":"product_tag-maxidress","23":"product_tag-maxikjole","24":"product_tag-modest-clothing","25":"product_tag-sada-modest","26":"pa_size-182","27":"pa_size-183","28":"pa_size-181","29":"pa_size-180","31":"first","32":"instock","33":"taxable","34":"shipping-taxable","35":"purchasable","36":"product-type-variable"},"jetpack_sharing_enabled":true,"_links":{"self":[{"href":"https:\/\/ilovemyhijab.com\/index.php\/wp-json\/wp\/v2\/product\/9787","targetHints":{"allow":["GET"]}}],"collection":[{"href":"https:\/\/ilovemyhijab.com\/index.php\/wp-json\/wp\/v2\/product"}],"about":[{"href":"https:\/\/ilovemyhijab.com\/index.php\/wp-json\/wp\/v2\/types\/product"}],"version-history":[{"count":2,"href":"https:\/\/ilovemyhijab.com\/index.php\/wp-json\/wp\/v2\/product\/9787\/revisions"}],"predecessor-version":[{"id":10283,"href":"https:\/\/ilovemyhijab.com\/index.php\/wp-json\/wp\/v2\/product\/9787\/revisions\/10283"}],"wp:featuredmedia":[{"embeddable":true,"href":"https:\/\/ilovemyhijab.com\/index.php\/wp-json\/wp\/v2\/media\/10251"}],"wp:attachment":[{"href":"https:\/\/ilovemyhijab.com\/index.php\/wp-json\/wp\/v2\/media?parent=9787"}],"wp:term":[{"taxonomy":"product_brand","embeddable":true,"href":"https:\/\/ilovemyhijab.com\/index.php\/wp-json\/wp\/v2\/product_brand?post=9787"},{"taxonomy":"product_cat","embeddable":true,"href":"https:\/\/ilovemyhijab.com\/index.php\/wp-json\/wp\/v2\/product_cat?post=9787"},{"taxonomy":"product_tag","embeddable":true,"href":"https:\/\/ilovemyhijab.com\/index.php\/wp-json\/wp\/v2\/product_tag?post=9787"}],"curies":[{"name":"wp","href":"https:\/\/api.w.org\/{rel}","templated":true}]}}