{"id":7967,"date":"2024-06-19T04:06:22","date_gmt":"2024-06-19T04:06:22","guid":{"rendered":"https:\/\/ilovemyhijab.com\/?post_type=product&#038;p=7967"},"modified":"2026-01-11T21:23:25","modified_gmt":"2026-01-11T21:23:25","slug":"jazz-abaya-med-integreret-sjal-andegroen","status":"publish","type":"product","link":"https:\/\/ilovemyhijab.com\/index.php\/vare\/jazz-abaya-med-integreret-sjal-andegroen\/","title":{"rendered":"Jazz abaya med integreret sjal &#8211; andegr\u00f8n"},"content":{"rendered":"","protected":false},"excerpt":{"rendered":"<p>Enkelt og praktisk abaya med integreret sjal. Abayaen har lange \u00e6rmer med elastik i \u00e6rmekanten.<\/p>\n<p>Produceret i jazz stof og har en l\u00e6ngde p\u00e5 147 cm.<\/p>\n<p>ONE SIZE, passer op til st\u00f8rrelse 46.<\/p>\n<p>Kan bruges som b\u00e5de salaht\u00f8j og hverdags abaya.<\/p>\n<p>&nbsp;<\/p>\n<p>Vaskeanvisning:<br \/>\n\u2022Maskinvask 40\u00b0C, halvt fyldt, kort centrifugering<br \/>\n\u2022M\u00e5 ikke bleges.<br \/>\n\u2022M\u00e5 ikke t\u00f8rretumbles.<br \/>\n\u2022Stryges ved lav temp.<br \/>\n\u2022T\u00f8rres p\u00e5 t\u00f8rrestativ<\/p>\n<p>&nbsp;<\/p>\n<p>V\u00e6r opm\u00e6rksom p\u00e5, at farven p\u00e5 billedet kan afvige en smule fra virkeligheden, da det afh\u00e6nger af sk\u00e6rmens farvekalibrering.<\/p>\n","protected":false},"featured_media":8332,"template":"","meta":{"om_disable_all_campaigns":false,"_monsterinsights_skip_tracking":false,"advanced_seo_description":"","jetpack_seo_html_title":"","jetpack_seo_noindex":false,"jetpack_seo_schema_type":""},"product_brand":[],"product_cat":[21],"product_tag":[256,275,287],"class_list":["post-7967","product","type-product","status-publish","has-post-thumbnail","product_cat-salahtoej","product_tag-abaya","product_tag-jazz-abaya","product_tag-salahtoej","pa_stoerrelse-108","pa_stoerrelse-118","pa_stoerrelse-127","pa_stoerrelse-130","pa_stoerrelse-110","pa_stoerrelse-111","pa_stoerrelse-115","first","instock","taxable","shipping-taxable","purchasable","product-type-simple"],"jetpack_sharing_enabled":true,"_links":{"self":[{"href":"https:\/\/ilovemyhijab.com\/index.php\/wp-json\/wp\/v2\/product\/7967","targetHints":{"allow":["GET"]}}],"collection":[{"href":"https:\/\/ilovemyhijab.com\/index.php\/wp-json\/wp\/v2\/product"}],"about":[{"href":"https:\/\/ilovemyhijab.com\/index.php\/wp-json\/wp\/v2\/types\/product"}],"version-history":[{"count":1,"href":"https:\/\/ilovemyhijab.com\/index.php\/wp-json\/wp\/v2\/product\/7967\/revisions"}],"predecessor-version":[{"id":7968,"href":"https:\/\/ilovemyhijab.com\/index.php\/wp-json\/wp\/v2\/product\/7967\/revisions\/7968"}],"wp:featuredmedia":[{"embeddable":true,"href":"https:\/\/ilovemyhijab.com\/index.php\/wp-json\/wp\/v2\/media\/8332"}],"wp:attachment":[{"href":"https:\/\/ilovemyhijab.com\/index.php\/wp-json\/wp\/v2\/media?parent=7967"}],"wp:term":[{"taxonomy":"product_brand","embeddable":true,"href":"https:\/\/ilovemyhijab.com\/index.php\/wp-json\/wp\/v2\/product_brand?post=7967"},{"taxonomy":"product_cat","embeddable":true,"href":"https:\/\/ilovemyhijab.com\/index.php\/wp-json\/wp\/v2\/product_cat?post=7967"},{"taxonomy":"product_tag","embeddable":true,"href":"https:\/\/ilovemyhijab.com\/index.php\/wp-json\/wp\/v2\/product_tag?post=7967"}],"curies":[{"name":"wp","href":"https:\/\/api.w.org\/{rel}","templated":true}]}}

Jazz abaya med integreret sjal &#8211; andegrøn

<p>Enkelt og praktisk abaya med integreret sjal. Abayaen har lange ærmer med elastik i ærmekanten.</p>
<p>Produceret i jazz stof og har en længde på 147 cm.</p>
<p>ONE SIZE, passer op til størrelse 46.</p>
<p>Kan bruges som både salahtøj og hverdags abaya.</p>
<p>&nbsp;</p>
<p>Vaskeanvisning:<br />
•Maskinvask 40°C, halvt fyldt, kort centrifugering<br />
•Må ikke bleges.<br />
•Må ikke tørretumbles.<br />
•Stryges ved lav temp.<br />
•Tørres på tørrestativ</p>
<p>&nbsp;</p>
<p>Vær opmærksom på, at farven på billedet kan afvige en smule fra virkeligheden, da det afhænger af skærmens farvekalibrering.</p>
