{"id":7813,"date":"2024-06-18T23:41:01","date_gmt":"2024-06-18T23:41:01","guid":{"rendered":"https:\/\/ilovemyhijab.com\/?post_type=product&#038;p=7813"},"modified":"2026-02-25T19:34:12","modified_gmt":"2026-02-25T19:34:12","slug":"3-dele-saet-i-dubai-silke-bordeaux","status":"publish","type":"product","link":"https:\/\/ilovemyhijab.com\/index.php\/vare\/3-dele-saet-i-dubai-silke-bordeaux\/","title":{"rendered":"3 dele s\u00e6t i dubai silke &#8211; bordeaux"},"content":{"rendered":"","protected":false},"excerpt":{"rendered":"<p>Smuk s\u00e6t best\u00e5ende af \u00e6rmel\u00f8s kjole, b\u00e6lte og \u00e5bent abaya. Produceret i dubai silke stof, som er flydende og behagelig at have p\u00e5. B\u00e5de til hverdag og festlige lejligheder.<\/p>\n<p>L\u00e6ngde 135 cm.<\/p>\n<p>ONE SIZE.<\/p>\n<p>Vaskeanvisning:<\/p>\n<p>\u2022Maskinvask, halvt fyldt, kort centrifugering 30 \u00b0C<br \/>\n\u2022M\u00e5 ikke bleges<br \/>\n\u2022M\u00e5 ikke t\u00f8rretumbles<br \/>\n\u2022Stryges ved lav temp.<br \/>\n\u2022T\u00f8rres p\u00e5 t\u00f8rrestativ<\/p>\n<p>&nbsp;<\/p>\n","protected":false},"featured_media":7815,"template":"","meta":{"om_disable_all_campaigns":false,"_monsterinsights_skip_tracking":false,"_monsterinsights_sitenote_active":false,"_monsterinsights_sitenote_note":"","_monsterinsights_sitenote_category":0,"advanced_seo_description":"","jetpack_seo_html_title":"","jetpack_seo_noindex":false},"product_brand":[],"product_cat":[242,250],"product_tag":[256,275],"class_list":{"0":"post-7813","1":"product","2":"type-product","3":"status-publish","4":"has-post-thumbnail","6":"product_cat-saet-dame","7":"product_cat-tilbud","8":"product_tag-abaya","9":"product_tag-jazz-abaya","10":"pa_stoerrelse-l-145cm","11":"pa_stoerrelse-s-145cm","12":"pa_stoerrelse-xl-150cm","14":"first","15":"instock","16":"sale","17":"taxable","18":"shipping-taxable","19":"purchasable","20":"product-type-simple"},"jetpack_sharing_enabled":true,"_links":{"self":[{"href":"https:\/\/ilovemyhijab.com\/index.php\/wp-json\/wp\/v2\/product\/7813","targetHints":{"allow":["GET"]}}],"collection":[{"href":"https:\/\/ilovemyhijab.com\/index.php\/wp-json\/wp\/v2\/product"}],"about":[{"href":"https:\/\/ilovemyhijab.com\/index.php\/wp-json\/wp\/v2\/types\/product"}],"version-history":[{"count":1,"href":"https:\/\/ilovemyhijab.com\/index.php\/wp-json\/wp\/v2\/product\/7813\/revisions"}],"predecessor-version":[{"id":7816,"href":"https:\/\/ilovemyhijab.com\/index.php\/wp-json\/wp\/v2\/product\/7813\/revisions\/7816"}],"wp:featuredmedia":[{"embeddable":true,"href":"https:\/\/ilovemyhijab.com\/index.php\/wp-json\/wp\/v2\/media\/7815"}],"wp:attachment":[{"href":"https:\/\/ilovemyhijab.com\/index.php\/wp-json\/wp\/v2\/media?parent=7813"}],"wp:term":[{"taxonomy":"product_brand","embeddable":true,"href":"https:\/\/ilovemyhijab.com\/index.php\/wp-json\/wp\/v2\/product_brand?post=7813"},{"taxonomy":"product_cat","embeddable":true,"href":"https:\/\/ilovemyhijab.com\/index.php\/wp-json\/wp\/v2\/product_cat?post=7813"},{"taxonomy":"product_tag","embeddable":true,"href":"https:\/\/ilovemyhijab.com\/index.php\/wp-json\/wp\/v2\/product_tag?post=7813"}],"curies":[{"name":"wp","href":"https:\/\/api.w.org\/{rel}","templated":true}]}}