{"id":1019,"date":"2022-08-30T22:01:22","date_gmt":"2022-08-30T22:01:22","guid":{"rendered":"https:\/\/ilovemyhijab.com\/?post_type=product&#038;p=1019"},"modified":"2022-08-30T22:50:24","modified_gmt":"2022-08-30T22:50:24","slug":"chiffon-toerklaede-braendt-orange","status":"publish","type":"product","link":"https:\/\/ilovemyhijab.com\/index.php\/vare\/chiffon-toerklaede-braendt-orange\/","title":{"rendered":"Chiffon t\u00f8rkl\u00e6de &#8211; br\u00e6ndt orange"},"content":{"rendered":"","protected":false},"excerpt":{"rendered":"<p>Chiffon t\u00f8rkl\u00e6de i let og tyndt v\u00e6vet materiale. Klassisk og enkelt design.<\/p>\n<p>ST\u00d8RRELSE<br \/>\n150&#215;150 cm.<\/p>\n<p>VASKEINSTRUKTION<br \/>\nVi anbefaler\u00a0vask\u00a0ved 30. T\u00f8rretumbling frar\u00e5des.<\/p>\n<p>&nbsp;<\/p>\n","protected":false},"featured_media":283,"template":"","meta":{"om_disable_all_campaigns":false,"_monsterinsights_skip_tracking":false,"_monsterinsights_sitenote_active":false,"_monsterinsights_sitenote_note":"","_monsterinsights_sitenote_category":0,"advanced_seo_description":"","jetpack_seo_html_title":"","jetpack_seo_noindex":false},"product_brand":[],"product_cat":[46],"product_tag":[],"class_list":{"0":"post-1019","1":"product","2":"type-product","3":"status-publish","4":"has-post-thumbnail","6":"product_cat-chiffon-stor","8":"first","9":"instock","10":"taxable","11":"shipping-taxable","12":"purchasable","13":"product-type-simple"},"jetpack_sharing_enabled":true,"_links":{"self":[{"href":"https:\/\/ilovemyhijab.com\/index.php\/wp-json\/wp\/v2\/product\/1019","targetHints":{"allow":["GET"]}}],"collection":[{"href":"https:\/\/ilovemyhijab.com\/index.php\/wp-json\/wp\/v2\/product"}],"about":[{"href":"https:\/\/ilovemyhijab.com\/index.php\/wp-json\/wp\/v2\/types\/product"}],"version-history":[{"count":1,"href":"https:\/\/ilovemyhijab.com\/index.php\/wp-json\/wp\/v2\/product\/1019\/revisions"}],"predecessor-version":[{"id":1020,"href":"https:\/\/ilovemyhijab.com\/index.php\/wp-json\/wp\/v2\/product\/1019\/revisions\/1020"}],"wp:featuredmedia":[{"embeddable":true,"href":"https:\/\/ilovemyhijab.com\/index.php\/wp-json\/wp\/v2\/media\/283"}],"wp:attachment":[{"href":"https:\/\/ilovemyhijab.com\/index.php\/wp-json\/wp\/v2\/media?parent=1019"}],"wp:term":[{"taxonomy":"product_brand","embeddable":true,"href":"https:\/\/ilovemyhijab.com\/index.php\/wp-json\/wp\/v2\/product_brand?post=1019"},{"taxonomy":"product_cat","embeddable":true,"href":"https:\/\/ilovemyhijab.com\/index.php\/wp-json\/wp\/v2\/product_cat?post=1019"},{"taxonomy":"product_tag","embeddable":true,"href":"https:\/\/ilovemyhijab.com\/index.php\/wp-json\/wp\/v2\/product_tag?post=1019"}],"curies":[{"name":"wp","href":"https:\/\/api.w.org\/{rel}","templated":true}]}}